
Let x(k) be the first derivative of 11*k + 23 + 6*k**2 - 8/3*k**3 - 1/4*k**4. Calculate x(-9).
-16
Suppose 4*o = -m + 2*o - 10, 2*m = 3*o + 15. Let f(l) = l**3 - 5*l**2 - 7*l + 8. Let n be f(6). Let h(t) = t**2 + 0*t + t + m*t + 3 + n*t. Calculate h(-2).
1
Suppose 9*k - 2 = 8*k. Suppose 0 = -d + 4*p - 9, -k*d + 3*d = 2*p + 1. Suppose -4*n = 5*a - 2 + d, -3*n = -a + 21. Let u(q) = q**2 + 9*q + 6. Give u(n).
-12
Let f(l) = l**2 - 6 + 0*l + 9*l + 14. Let d = 2 - -7. Suppose 0 = -t + 3 - d. Determine f(t).
-10
Let l(d) = 3*d - 13. Let s be l(-6). Let i = s + 38. Let j(t) = t**2 - 8*t + 2. What is j(i)?
-5
Let u(r) be the second derivative of -r**4/6 - 2*r**3 - 2*r**2 + 13*r. Give u(-5).
6
Let m = 18 + -4. Suppose -4*b + 38 - m = 0. Let t(h) be the second derivative of h**5/20 - 7*h**4/12 + 7*h**3/6 - 4*h**2 + 6*h. Determine t(b).
-2
Let k(p) = -3*p**2 + 5*p - 14. Let f(z) = 2*z**2 - 3*z + 7. Suppose m + 6 = 11. Let h(l) = m*f(l) + 3*k(l). Give h(-5).
18
Let p(d) = -4*d - 1. Let j be (1 + -5)*17/68*-1. Give p(j).
-5
Let i(f) = f**3 - 16*f**2 - 18*f + 20. Suppose -26 = -c + 2*a - 1, -4*a = -3*c + 67. What is i(c)?
3
Suppose 325 = -6*p + 5*p. Let y be (p/55)/(-5) - 2/11. Let c(s) = -6*s + 1. Determine c(y).
-5
Let y(m) = -m**2 - 48*m - 315. Let r be y(-40). Let h(a) be the first derivative of -a**4/4 + 2*a**3 - a**2 - 3*a + 1. What is h(r)?
12
Let z = 50 + -46. Let h(p) = -4*p - 6*p**2 + 3 - 2*p + p**3 + z + 5*p. Give h(6).
1
Let u(p) = -p + 3. Let s(t) = -6*t + 13. Let g(c) = -s(c) + 3*u(c). What is g(4)?
8
Let n(a) = -a**2 + a + 11. Let z be n(0). Let j(k) = -k**2 + 6*k + 1 - z*k + 4*k. What is j(3)?
-11
Let x(v) = -v**2 - 6*v + 12. Suppose 2*j - 3*o = -2*o - 19, -2*o = 6. Determine x(j).
-43
Let s(q) = 4*q**3 - 34*q**2 - 7*q + 3. Let r(h) = -7*h**3 + 55*h**2 + 14*h - 6. Let v(z) = 3*r(z) + 5*s(z). Determine v(-6).
-9
Suppose 4*g + 28 + 8 = -3*s, -2*g + 2*s = 4. Let f be (30/20)/(g/(-28)). Let v(i) = -4*i + 0*i - i**2 - 2*i + 2 - f. Calculate v(-4).
3
Let r = 11 - 9. Suppose 3*s = -r*m + 31, 6*m - 11 = 2*s + m. Suppose 3*u = g - s, 0*g = -2*u + g - 4. Let k(t) = t - 3. Give k(u).
-6
Let f = 11 + -7. Suppose -12 = -2*s + f*n, 5*s + n - 8 = -0*s. Let h(y) = 1 + 2*y + y**s + y**2 - 4*y + 4*y**3. Determine h(1).
5
Let t be 1/(-2) + (-15)/6. Let x(o) be the first derivative of 3/2*o**2 + 3*o - 9. Determine x(t).
-6
Let r(d) = d**2 + 4*d + 3. Suppose 3*g + 3*p + 17 = -7, -5*g - 28 = 2*p. Calculate r(g).
3
Let h(b) = b**3 - 11*b**2 + 24*b - 3. Let c(t) = t**2 - 4*t. Let j(w) = -6*c(w) - h(w). Determine j(5).
3
Suppose -33 = -6*h + 3*h. Suppose 5*f = -41 + h. Let k(c) = c**3 + 5*c**2 - 6*c - 3. Give k(f).
-3
Let v(u) = -13*u - 49*u + 49*u - u**2. Give v(-11).
22
Suppose -2*g + f = 3*f - 2, -10 = 2*g - 2*f. Let q(s) = -3*s**2 + s - 2. Calculate q(g).
-16
Let x(z) be the second derivative of -z**5/20 + z**3/3 - 2*z**2 + 15*z - 15. Calculate x(-4).
52
Suppose 4*r - 37 = -3*t, 0 = -2*t - r + 13 + 5. Let m(d) = d**3 - 6*d**2 - 7*d + 7. Determine m(t).
7
Let n(k) = -22*k - 4 + 11*k + 8*k. Let f(i) = -i**3 + 5*i**2 + 23*i + 11. Let q be f(8). Give n(q).
-13
Let u(a) = -4*a**2 - 2*a + 7. Let j(d) be the first derivative of 3*d**3 + 2*d**2 - 15*d + 15. Let n(i) = -3*j(i) - 7*u(i). Calculate n(3).
11
Suppose 0*g - 4 = -2*d - 5*g, d - 17 = 5*g. Let a(n) = -6*n**2 - 14*n + 1. Let q(f) = -5*f**2 - 10*f + 1. Let y(c) = -4*a(c) + 5*q(c). Give y(d).
-6
Suppose 54*m - 59*m - 4*x = 0, 0 = -4*m - 2*x. Let r(b) be the second derivative of m*b**2 + 8*b + 0 - 1/3*b**3. Calculate r(-4).
8
Let i(a) = -49*a + 4 + 89*a - 38*a. Let z(h) = h**2 - 7*h - 4. Let g be z(8). Determine i(g).
12
Let v(h) = -h**2 - 3*h - 1. Let i be v(-4). Let q(m) = -3*m - 11. Let l be q(i). Let s(d) be the third derivative of -d**5/60 + 5*d**4/24 + d**2. Give s(l).
4
Let f(o) = -1 + 2 + o - 4. Let h(x) = x + 19. Let t be 63/(-4) - (-7)/(-28). Let v be h(t). Determine f(v).
0
Let h(o) be the first derivative of o**4/4 + 2*o**3/3 + o**2 + 2*o + 262. Calculate h(-3).
-13
Let j = -461 - -451. Let v(q) = q + 12. Calculate v(j).
2
Suppose 4*t + 28 = -o, -2*o + 14 = -2*t - 4*o. Let f(k) = -k**2 - 11*k - 10. Calculate f(t).
18
Let n be (10 + -3)*(-6)/7. Let b = 11 - n. Let j(s) = 5 - s + 11 + s**3 - b + s**2. Determine j(-2).
-3
Let w(d) be the third derivative of -d**6/120 - d**5/10 + d**4/12 + 41*d**2. Let g = 6 + -19. Let i = g - -7. Give w(i).
-12
Let n(f) = f - 5 + f + 2*f**3 + 0*f + 3*f**2. Let l(k) = -3*k**3 - 4*k**2 - 3*k + 6. Let y(w) = 3*l(w) + 4*n(w). Determine y(0).
-2
Let p = -264 + 268. Let k(h) = h**3 - 3*h**2 - h - 5. Determine k(p).
7
Let r(k) = 8*k**2 + k. Suppose -26*v - 14*v = -40. Calculate r(v).
9
Let s(a) = 7*a + 6. Let v(d) = 20*d + 18. Let w be -5 - (-1 - 0)/(-1). Let t(g) = w*v(g) + 17*s(g). Suppose 3*i + 4*y = 0, 3*i = 67*y - 66*y - 15. What is t(i)?
-2
Let a(u) = 1015*u - 2035*u + 1026*u - u**2 - 5. What is a(5)?
0
Let z(i) = 3*i - 1 - 3*i**2 + 0*i + 4*i**2. Let y(b) = -b**3 + 9*b**2 - 11*b - 2. Let d be y(8). Let a = d + 24. What is z(a)?
-3
Let p be (-3)/(30/110) - -5. Let x(k) = -3 + k**2 + 4*k + 5*k**2 - 3*k + k**3. Give x(p).
-9
Let q(z) = -23*z + 1 - z**2 - 26*z + 56*z. Let n(s) = 5*s**2 - 28*s - 5. Let u(t) = 2*n(t) + 9*q(t). Suppose -7*p + 5*p - 14 = 0. Give u(p).
-1
Let g(l) be the third derivative of -1/15*l**6 + 0 + 0*l**4 + 0*l - 1/60*l**5 + 2*l**2 + 0*l**3. Let k = -13 + 12. Determine g(k).
7
Let v(t) be the first derivative of -t**3/3 + t**2 - t - 2. Let w be (-19)/(-4) - (-6)/(-8). What is v(w)?
-9
Let n be 0/(-3) + -2 + -4. Let i(q) = 2*q**2 + 9*q + 5. Determine i(n).
23
Let p(w) be the third derivative of 2/3*w**3 - 1/24*w**4 - 3*w**2 + 0*w + 0. Let n be (-9)/15 + (-28)/(-5) + 0. Determine p(n).
-1
Let s = -25 - -28. Suppose -2 = -0*z - z. Let v(l) = -7*l - l**s + 6 + 2*l**2 + 0*l**3 - 3*l**z + 7*l**2. Give v(5).
-4
Let t(j) = j**2 - 7*j. Suppose -5*y - 2*d + 4*d - 33 = 0, -5*y = -4*d + 41. Give t(y).
60
Let s(r) be the first derivative of -13 - r**2 + 6*r - 1/3*r**3. Let t = -13 - -8. What is s(t)?
-9
Let m be (21 - -2)*(3 + -4). Let z = 25 + m. Let c(k) = -k**3 - 2*k**2 + 3*k - 1. Let p(s) = -s**3 - 3*s**2 + 3*s. Let b(d) = -3*c(d) + 2*p(d). Give b(z).
5
Suppose 0 = 5*l - 1 - 4. Let f(h) be the third derivative of -26*h**2 - 13/24*h**4 + 0*h + 0*h**3 + 0. Give f(l).
-13
Let h(m) = m**3 + 5*m**2 + 13*m - 5. Let s(n) = -n**2 - 2. Let o(x) = -h(x) + 3*s(x). Determine o(-6).
5
Suppose -117 = 2*r - 17. Let n = -48 - r. Let w(t) = -t + 1. Calculate w(n).
-1
Let n(h) = h**2 - 11*h + 33. Let c be n(3). Let l(i) = -i**3 + 9*i**2 - 2. Determine l(c).
-2
Let i(v) = -v**3 + 10*v**2 - 11*v + 4. Let a(s) = -s**2 + 34*s - 136. Let o be a(5). Determine i(o).
-14
Let y(x) = 2*x**2 - 3*x. Let f(t) = -t**3 - 2*t**2 + 14*t - 3. Let i be f(-5). Calculate y(i).
2
Let d(k) = -k**2 + 11. Let r(h) = -h**3 - 7*h**2 - 11*h - 7. Let w be r(-2). Give d(w).
-14
Let k(o) = -5*o**2 - 2*o + 2. Let p(s) = -26*s**2 - 9*s + 12. Let x(h) = 5*k(h) - p(h). Suppose c + z = -0 + 2, -4*z = -4*c - 8. Give x(c).
-2
Let r(i) be the second derivative of 9*i**5/10 - i**4/12 + i**3/3 - i**2/2 - 116*i. Give r(1).
18
Let l = 321 - 326. Let n(h) = h**2 + 2*h - 5. Let y(p) be the first derivative of p**3/3 + p**2/2 - 6*p + 1. Let i(r) = -3*n(r) + 2*y(r). Give i(l).
-2
Let r(x) = -x - 4. Let a(j) = j**2 + 3*j + 4. Let y be 3/(45/(-6)) - 13/5. Let g be a(y). What is r(g)?
-8
Let d(b) = -2*b - 22. Let f be 15/(-4) + (-15)/12. Let p be (f - -10)*(-9)/5. Let z be d(p). Let x(l) = l**3 + 3*l**2 - 4*l + 4. What is x(z)?
4
Let i(o) = -o**2 - 12*o - 23. Suppose s = 2*j - 8, 4*s + 38 + 6 = -4*j. Calculate i(s).
-3
Let x(p) = 14*p**3 - 46*p**2 + 24*p + 53. Let l(u) = 5*u**3 - 16*u**2 + 8*u + 18. Let y(g) = 17*l(g) - 6*x(g). Determine y(-5).
3
Let r(m) = m + 1. Let o be 2*(-1 - (780/(-8))/5). Let t = -36 + o. Calculate r(t).
2
Let g(s) = -20*s**2 - 36*s + 5. Let w(t) = 7*t**2 + 12*t - 2. Let x(f) = 6*g(f) + 17*w(f). Let o be x(-11). Let a(z) = -z + 9. Give a(o).
2
Let j(c) = 19*c + 5. Let f(g) = -96*g - 25. Let q(y) = 2*f(y) + 11*j(y). Let o be q(9). Let b(k) = -k**2 + 8 - o*k + 158*k. Calculate b(0).
8
Suppose 3*b - 38 = 3*p + 4, 0 = -4*p + 2*b - 46. Let j(z) = -5*z + 0*z**2 - 6*z**2 + 10*z**2 - 3*z**2 + 15*z. What is j(p)?